
13
Let k(u) = -u**3 + 2*u**2 + 15*u + 5. Determine k(5).
5
Let w(t) = t**2 - 4*t + 20. What is w(3)?
17
Let a(f) = -4*f - 2. What is a(7)?
-30
Let v(c) = 4*c - 3. Calculate v(-2).
-11
Let g(a) = a**3 - 7*a**2 - 5*a + 41. What is g(7)?
6
Let v(c) = c**2 - 11*c - 8. Calculate v(7).
-36
Let g(f) = -2*f + 28. Give g(-24).
76
Let m(w) = w**3 + 7*w**2 - 8*w - 9. What is m(-8)?
-9
Let v(x) = -4*x - 1. Give v(1).
-5
Let f(a) = -9*a - 11. Give f(-2).
7
Let n(a) = -a**2 - 10*a - 17. Determine n(-7).
4
Let v(u) = 23*u - 3. Determine v(-1).
-26
Let o(s) = -6*s**2 + 3*s + 11. Determine o(-4).
-97
Let z(k) = -8*k + 22. Determine z(-7).
78
Let h(k) = k**3 - k**2 - 4*k + 4. Give h(3).
10
Let r(j) = -14*j - 42. Give r(-3).
0
Let v(m) = -m**3 - 6*m**2 - 2*m - 34. Calculate v(-7).
29
Let g(c) = -69*c**3 - 2*c**2. Calculate g(1).
-71
Let f(g) = g**2 + 11*g + 20. Calculate f(-7).
-8
Let r(q) = -11*q - 2. What is r(-1)?
9
Let x(n) = n**3 + 8*n**2 + 8*n + 8. Determine x(-7).
1
Let u(w) = -w**3 + 3*w**2 - 4*w. Give u(2).
-4
Let b(o) = o**2 + 3*o + 27. Give b(-5).
37
Let p(j) = 3*j + 68. What is p(-25)?
-7
Let g(w) = 14*w**3 - 6*w**2 + w + 6. Calculate g(2).
96
Let v(i) = i**3 - 20*i**2 - 23*i + 19. Give v(21).
-23
Let q(n) = 11*n. Calculate q(-1).
-11
Let x(p) = p**3 - 14*p**2 + 13*p - 1. What is x(13)?
-1
Let m(g) = -g**3 - 9*g**2 - 2*g - 116. What is m(-10)?
4
Let v(l) = -l**3 + 4*l**2 + 3*l - 9. Calculate v(5).
-19
Let w(g) = g**2 + 12*g - 9. Calculate w(-12).
-9
Let x(n) = 3*n**3 - 2*n**2 + 4*n - 2. Calculate x(2).
22
Let d(v) = v**3 + 4*v**2 - 7. Determine d(-5).
-32
Let y(h) = h**3 + 10*h**2 + 24*h + 20. What is y(-7)?
-1
Let r(x) = -x + 10. Give r(5).
5
Let b(o) = -15*o**2 + 4*o + 3. Calculate b(-2).
-65
Let v(m) = m**3 - 7*m**2 - 3*m + 8. Give v(7).
-13
Let d(m) = 8*m**2 - 2*m - 4. What is d(2)?
24
Let a(x) = -x**2 - 3*x - 3. Give a(-3).
-3
Let y(m) = 3*m**2 + 7*m - 8. Determine y(-4).
12
Let m(u) = u**2 - 27*u + 135. What is m(7)?
-5
Let f(s) = s**2 - 2*s - 6. What is f(4)?
2
Let y(m) = 6*m + 140. What is y(-23)?
2
Let g(x) = x**3 + 8*x**2 + 9*x + 6. What is g(-7)?
-8
Let w(m) = -m**2 + 21*m + 73. Determine w(23).
27
Let d(g) = -g**3 + 4*g**2 - g - 1. Determine d(4).
-5
Let d(x) = x**2 + 32*x + 38. Determine d(-31).
7
Let c(u) = 4*u**3 + 32*u**2 + 3*u + 16. Determine c(-8).
-8
Let k(y) = -y**3 - 5*y**2 + 40*y + 41. What is k(-9)?
5
Let s(v) = -v**3 - 17*v**2 + 18*v + 3. Give s(-18).
3
Let c(p) = -3*p**2 + 7*p + 28. What is c(8)?
-108
Let s(a) = a**3 - 8*a**2 + 4*a - 3. Give s(6).
-51
Let o(d) = -2*d - 22. Determine o(-11).
0
Let h(s) = s**2 + 12*s + 26. Determine h(-4).
-6
Let u(s) = 7*s**2 - 3*s - 4. Calculate u(3).
50
Let j(w) = -41*w**2 - 3*w - 2. What is j(-1)?
-40
Let k(b) = b**2 + 36*b + 255. Calculate k(-10).
-5
Let m(g) = -2*g**2 + 10*g + 7. Calculate m(5).
7
Let a(x) = 11*x**2 - x + 2. Give a(1).
12
Let u(z) = z**3 - z**2 + 5. Determine u(4).
53
Let c(k) = -119*k + 839. Give c(7).
6
Let r(f) = -3*f**3 + 11*f**2 - f + 2. Calculate r(4).
-18
Let x(i) = -2*i**2 - 29*i - 2. Give x(-14).
12
Let g(r) = -2*r + 5. Calculate g(-6).
17
Let q(u) = -6*u**2 - 7*u - 1. Give q(-2).
-11
Let p(i) = -i**3 - 8*i**2 - 5*i. What is p(-7)?
-14
Let i(m) = m**3 - 27*m**2 - 125*m + 29. Determine i(31).
-2
Let a(c) = c + 1. What is a(7)?
8
Let g(s) = 8*s + 4. Give g(3).
28
Let l(w) = 2*w**2 - 3*w - 93. Determine l(8).
11
Let b(r) = r**2 + 6*r + 1. What is b(-4)?
-7
Let s(r) = r**3 - 12*r**2 - 30*r - 24. What is s(14)?
-52
Let v(y) = y**2 - 7*y - 19. Give v(9).
-1
Let l(v) = -v**2 + 15*v - 38. What is l(9)?
16
Let o(n) = n + 30. Calculate o(-13).
17
Let d(r) = -9*r**2 + 4. What is d(3)?
-77
Let h(o) = -2*o**2 + o - 14. Determine h(0).
-14
Let i(m) = m**3 - 6*m**2 + 8*m - 12. Give i(4).
-12
Let n(o) = -o**3 - 14*o**2 + 8. What is n(-14)?
8
Let y(c) = 21*c - 173. Calculate y(8).
-5
Let x(j) = -j**2 - 2*j + 5. Give x(-4).
-3
Let f(t) = 7*t + 7. Calculate f(5).
42
Let x(k) = -k**3 - 1. What is x(-1)?
0
Let v(y) = 6*y - 30. Determine v(7).
12
Let k(r) = 30*r - 101. Determine k(3).
-11
Let n(h) = -h - 17. Give n(13).
-30
Let g(a) = -3*a - 7. What is g(-4)?
5
Let i(b) = b**3 + 7*b**2 + 3*b - 5. Calculate i(-6).
13
Let n(s) = -s**3 + 24*s**2 - 22*s - 25. Determine n(23).
-2
Let i(d) = d**2 - 3*d - 1. Give i(-3).
17
Let g(t) = -7*t**3 + 3*t**2 + 3*t - 11. Determine g(2).
-49
Let p(m) = 5*m + 35. Determine p(-8).
-5
Let t(a) = -15*a + 2. Give t(3).
-43
Let j(f) = f**3 + f**2 - 2*f + 3. Calculate j(2).
11
Let v(q) = 5*q + 57. Calculate v(-20).
-43
Let n(c) = -c**3 + 7*c**2 - 6*c - 12. Determine n(5).
8
Let h(m) = -m - 19. Determine h(-13).
-6
Let n(r) = -3*r**2 - 5*r - 1. Calculate n(-2).
-3
Let n(t) = t**3 - 35*t**2 + 5*t - 168. What is n(35)?
7
Let u(s) = 9*s**3 + 342*s**2 - s - 41. Determine u(-38).
-3
Let x(k) = 7*k + 78. Determine x(-14).
-20
Let c(k) = k + 11. Calculate c(-5).
6
Let a(s) = -s**3 - 10*s**2 - 9*s - 13. Calculate a(-9).
-13
Let q(f) = f**3 + 3*f**2 - 2. Calculate q(-1).
0
Let j(i) = i**2 + 9*i + 5. What is j(-4)?
-15
Let v(w) = -w**3 - 27*w**2 - 74*w - 44. Calculate v(-24).
4
Let a(r) = r**2 + 16*r + 8. Determine a(-16).
8
Let b(o) = 25*o**2 - 25*o - 23. Give b(-1).
27
Let l(d) = 2*d - 17. Determine l(0).
-17
Let i(a) = 4*a**2 - 8*a + 43. Determine i(5).
103
Let r(p) = 20*p**3 + p + 1. Give r(-1).
-20
Let b(y) = -y**2 + 4*y + 9. What is b(3)?
12
Let q(b) = 9*b + 5. Calculate q(3).
32
Let r(y) = -10*y + 3. What is r(2)?
-17
Let x(j) = j**2 + 6*j - 60. Give x(-11).
-5
Let v(n) = 2*n**3 + 16*n**2 + 15*n. Determine v(-6).
54
Let j(d) = -75*d + 69. Give j(1).
-6
Let b(r) = 7*r + 74. Determine b(-13).
-17
Let r(p) = 2*p**2 - 60*p + 54. Give r(29).
-4
Let a(q) = 8*q - 7. Calculate a(-3).
-31
Let f(v) = -2*v**3 + 26*v**2 - 23*v - 13. Calculate f(12).
-1
Let s(x) = -3*x + 56. Give s(19).
-1
Let a(j) = -j + 2. Calculate a(3).
-1
Let t(a) = -a**3 - 15*a**2 - 12*a + 27. Calculate t(-14).
-1
Let m(q) = -5*q**2 - 5*q - 3. Calculate m(-3).
-33
Let d(r) = -r**2 - 4*r + 9. What is d(-5)?
4
Let i(l) = -2*l**2 + 5*l - 32. What is i(8)?
-120
Let d(u) = -u**3 - 14*u**2 + 3*u + 8. Give d(-14).
-34
Let x(y) = -y - 10. Calculate x(-14).
4
Let g(o) = o**3 - 5*o**2 + 5*o - 3. Calculate g(4).
1
Let n(o) = -10*o + 5. Give n(2).
-15
Let j(h) = -3*h**2 - 3*h - 2. Calculate j(-1).
-2
Let u(h) = -h**3 - 16*h**2 + 5*h - 1. Give u(-16).
-81
Let w(t) = 3*t - 17. Calculate w(11).
16
Let s(g) = 15*g - 442. Determine s(29).
-7
Let r(b) = 14*b - 440. Calculate r(32).
8
Let f(g) = g**3 + 6*g**2 - 6*g - 3. Calculate f(-7).
-10
Let p(d) = d**3 + 20*d**2 - 71*d - 41. Calculate p(-23).
5
Let n(l) = l**3 + 5*l**2 + 5*l + 5. Give n(-2).
7
Let r(m) = -m**2 + 5*m + 24. Determine r(-5).
-26
Let x(z) = 5*z + 5. Determine x(-4).
-15
Let r(q) = -q**2 + 11*q - 19. Give r(8).
5
Let z(d) = d**3 + 7*d**2 - d - 2. Give z(-6).
40
Let o(s) = s**3 + 7*s**2 - 27*s - 5. What is o(3)?
4
Let p(q) = q**2 + 2*q + 4. Calculate p(6).
52
Let f(i) = 2*i**2 - 6*i + 17. Calculate f(0).
17
Let n(c) = -c + 11. Give n(11).
0
Let s(t) = 27*t**2 + 4*t + 3. Determine s(-1).
26
Let w(p) = -p**2 + 8*p + 2. Determine w(6).
14
Let p(m) = -5*m - 3. What is p(4)?
-23
Let w(g) = -12*g**2 - 7*g - 7. Give w(-3).
-94
Let s(t) = t**2 + 15*t - 27. What is s(-14)?
-41
Let q(c) = c**3 + 29*c**2 + 48*c - 170. Give q(-27).
-8
Let a(s) = 2*s**2 - 23*s - 15. What is a(12)?
-3
Let v(c) = -5*c - 64. Calculate v(-14).
6
Let o(y) = -21*y - 8. Calculate o(2).
-50
Let c(l) = -l**2 - 17*l - 5. Determine c(-18).
-23
Let z(a) = -a**2 - 5*a - 8. Calculate z(-3).
-2
Let n(y) = -y**2 + 5*y - 12. Give n(2).
-6
Let h(j) = j**3 + 9*j**2 + 21*j - 2. Calculate h(-5).
-7
Let t(h) = 4*h - 7. Give t(8).
25
Let w(d) = -17*d - 1. Give w(1).
-18
Let i(q) = -q**3 - q**2 + 11*q + 3. Give i(-5).
48
Let c(m) = m**3 + 6*m + 11. What is c(0)?
11
Let k(p) = -p**2 - 4*p + 3. What is k(-7)?
-18
Let a(o) = o**3 - 5*o**2 + 4*o - 10. What is a(4)?
-10
Let d(h) = h**2 + 2*h + 9. Determine d(0).
9
Let n(o) = -o**2 - 6*o + 11. Calculate n(-7).
4
Let q(l) = l**2 - l - 2. Determine q(4).
10
Let n(w) = w**2 - 56. Give n(8).
8
Let r(z) = 2*z - 22. What is r(14)?
6
Let g(h) = h**3 - 26*h**2 - 2*h - 24. What is g(26)?
-76
Let w(g) = -77*g**3 + 4*g - 3. Calculate w(1).
-76
Let y(w) = 4*w - 35. What 